= -161042*y - 44125503. What is w(-274)?
5
Let b(m) = -34*m**3 + 752*m**2 - 409*m + 7050. What is b(22)?
-12
Let z(v) = -50*v**2 + 990*v - 17. Calculate z(20).
-217
Let u(q) = -3*q**3 + 37*q**2 + 113*q - 43. Calculate u(-3).
32
Let k(t) = -13*t**2 + 3841*t - 9335. Give k(293).
41
Let k(v) = 8*v**2 - 574*v + 45. Determine k(72).
189
Let y(w) = -w**3 - 15*w**2 - 19*w + 167. What is y(-11)?
-108
Let n(x) = x**2 - 54*x + 67. Determine n(6).
-221
Let x(m) = 5*m**3 - 169*m**2 + 268*m - 101. What is x(1)?
3
Let f(r) = -2*r**3 - 113*r**2 - 575*r - 22516. Give f(-55).
34
Let o(q) = -q**3 - 662*q**2 - 60254*q + 12709. What is o(-553)?
-10
Let g(x) = -455*x - 146051. Calculate g(-321).
4
Let w(o) = -894*o - 239594. Give w(-268).
-2
Let y(j) = -656*j + 4571. Calculate y(7).
-21
Let t(r) = 94*r**2 + 12503*r + 185477. What is t(-116)?
-7
Let a(t) = -t**2 + 96*t + 5476. Determine a(136).
36
Let x(f) = f**3 + 40*f**2 - 4099*f - 39408. Calculate x(-9).
-6
Let n(b) = -5*b**2 - 849*b + 6753. Determine n(8).
-359
Let j(x) = -41432*x - 207162. Give j(-5).
-2
Let c(j) = 2*j**2 - 100*j - 310814. What is c(420)?
-14
Let s(r) = -3*r**3 - 58*r**2 + 143*r - 40. Determine s(-21).
-838
Let l(b) = -4*b**3 - 478*b**2 - 241*b - 336. What is l(-119)?
21
Let d(u) = 30*u**2 - 2241*u + 1540. Calculate d(74).
-14
Let z(t) = 2973*t**2 - 246752*t - 551. What is z(83)?
30
Let s(a) = 2*a**2 + 28*a - 865. Determine s(-30).
95
Let g(h) = 152*h - 2863. Give g(20).
177
Let k(x) = -4*x**3 + 63*x**2 - 234*x + 79. Give k(9).
160
Let z(o) = 9*o**2 + 183*o - 133. Determine z(-25).
917
Let w(u) = -30726*u + 153627. Determine w(5).
-3
Let r(a) = -632*a - 16438. Calculate r(-26).
-6
Let f(g) = g**3 + 11*g**2 + 36*g + 56. Determine f(-15).
-1384
Let s(f) = f**2 - 29*f - 53802. Determine s(247).
44
Let i(v) = -2*v**2 - 260*v - 5737. Determine i(-25).
-487
Let h(i) = -656*i - 4168. Calculate h(-6).
-232
Let v(w) = 62*w**3 - 6*w**2 + 264*w - 519. Give v(2).
481
Let p(j) = -607*j**2 + 129*j + 247. Calculate p(-2).
-2439
Let y(x) = -21254*x - 191280. What is y(-9)?
6
Let z(m) = 3*m**2 + 66397*m + 531114. Determine z(-8).
130
Let b(n) = 641*n - 5518. Calculate b(9).
251
Let g(z) = -214*z**3 + 50*z**2 + 122*z + 17. Give g(-2).
1685
Let t(m) = -83*m**3 - 7799*m**2 + 281*m - 117. Calculate t(-94).
-23
Let i(l) = l**3 + 100*l**2 + 100*l + 94. What is i(-99)?
-5
Let q(i) = -164214*i + 3120043. Determine q(19).
-23
Let q(w) = 10843268*w - 10843274. Determine q(1).
-6
Let u(v) = 6*v**2 - 265*v + 2091. Calculate u(24).
-813
Let v(a) = 29267*a - 204879. Determine v(7).
-10
Let x(p) = p**2 - 5*p - 80. Give x(12).
4
Let w(i) = -15511*i + 14363183. What is w(926)?
-3
Let n(i) = i**2 + 973*i - 134816. Determine n(123).
-8
Let v(r) = -r**3 - 74*r**2 + 339*r + 243. What is v(-78)?
-1863
Let f(i) = -54128*i + 757792. What is f(14)?
0
Let r(m) = 365*m + 17779. What is r(-49)?
-106
Let n(r) = 728*r - 3908. Calculate n(6).
460
Let j(m) = -1122*m - 1311. Calculate j(-1).
-189
Let d(w) = -6*w**2 + 3914*w + 42425. Determine d(663).
-7
Let i(d) = 5317*d + 478477. Determine i(-90).
-53
Let x(a) = -6*a**3 - 37*a**2 - 2*a - 51. Determine x(-6).
-75
Let n(c) = 39*c**2 - 2345*c - 2057. Determine n(61).
17
Let w(r) = 4*r**2 - 164*r - 6277. Determine w(62).
-1069
Let c(f) = 292*f + 2780. Calculate c(-8).
444
Let q(r) = 12*r**2 + 278*r + 1355. Give q(-5).
265
Let d(j) = -j**3 - 768*j**2 + 3825*j + 201. Calculate d(5).
1
Let j(n) = -n**3 - 21*n**2 - 33*n - 204. Determine j(-20).
56
Let h(n) = n**2 - 340*n + 27034. Calculate h(213).
-17
Let j(y) = -77449*y - 1626498. Calculate j(-21).
-69
Let n(y) = -1597465*y - 30351845. What is n(-19)?
-10
Let j(m) = 294*m**2 + 570*m + 1140. Determine j(-2).
1176
Let u(k) = -265*k**2 + 2202*k + 1643. Calculate u(9).
-4
Let r(m) = -24*m**3 - 8*m**2 + 1703*m - 1694. Determine r(1).
-23
Let q(j) = 11*j**3 + 165*j**2 - 22*j - 69. What is q(-15)?
261
Let d(p) = p**3 + 25*p**2 - 49*p - 2803. Calculate d(-14).
39
Let s(n) = -75996*n - 227655. Give s(-3).
333
Let g(p) = -11*p**2 - 213*p - 2554. Determine g(-30).
-6064
Let s(p) = 4*p**2 - 1591*p + 4150. Give s(395).
-195
Let o(r) = -4*r**3 - 18*r**2 + 156*r - 1114. Give o(8).
-3066
Let x(g) = -g**3 - 441*g**2 + 242*g + 106712. What is x(-441)?
-10
Let y(k) = 21141*k - 6194332. Determine y(293).
-19
Let t(l) = 9*l**3 - 134*l**2 - 332*l + 4815. Determine t(15).
60
Let v(f) = -1646*f**2 + 44442*f. What is v(27)?
0
Let t(z) = -9*z**2 - 3667*z - 42701. Give t(-12).
7
Let u(g) = -648*g**3 + 54*g**2 - 54*g. Determine u(1).
-648
Let r(w) = 157*w**3 + 4555*w**2 + 95*w + 1083. What is r(-29)?
10
Let n(g) = -15*g**2 - 1401*g + 2732. Determine n(-95).
452
Let y(i) = 309*i + 3074. Give y(-10).
-16
Let g(p) = 3*p**3 - 14*p**2 + 28557*p - 142802. Determine g(5).
8
Let w(y) = 1094933*y - 6569598. Determine w(6).
0
Let f(b) = -1909*b - 11434. What is f(-6)?
20
Let g(p) = -247758*p - 4707399. Calculate g(-19).
3
Let h(i) = -i**3 - 63*i**2 - 210*i - 370. Calculate h(-59).
-1904
Let m(a) = 2*a**3 - 39*a**2 + 83*a + 1014. Calculate m(13).
-104
Let f(x) = -1719*x + 6648. Calculate f(5).
-1947
Let d(l) = -660*l - 266. Give d(0).
-266
Let b(t) = 9443*t + 4145471. Calculate b(-439).
-6
Let l(m) = 10*m**3 + 14*m**2 - 57471*m - 57483. Determine l(-1).
-8
Let j(b) = 68*b - 3966. Give j(63).
318
Let q(p) = 89*p**3 - 15665*p**2 + 181*p - 899. What is q(176)?
-19
Let n(l) = -2254*l + 36049. Determine n(16).
-15
Let l(d) = -2*d**2 - 2479*d - 414965. Give l(-1040).
-5
Let b(t) = 44*t**2 + 3392*t + 242. Calculate b(-77).
-66
Let d(z) = -1598*z - 49676. What is d(-31)?
-138
Let u(w) = w**3 - 267*w**2 - 447*w - 24497. Give u(269).
-18
Let n(o) = 2150*o + 174059. Determine n(-81).
-91
Let l(m) = -3937*m - 114334. What is l(-29)?
-161
Let z(o) = -9879*o + 809950. Determine z(82).
-128
Let v(h) = 505*h**2 - 29273*h - 980. Determine v(58).
6
Let u(m) = 17*m**2 - 165*m + 130. Determine u(9).
22
Let p(k) = -2*k**2 - 606*k + 49592. Calculate p(67).
12
Let h(i) = -135*i - 456. What is h(-3)?
-51
Let v(h) = 47*h**3 - 1317*h**2 + 28*h + 5. Give v(28).
5
Let a(j) = j**2 - 273*j - 8488. Give a(-28).
-60
Let f(m) = -3*m**2 - 849*m + 64766. What is f(-345)?
596
Let c(n) = -n**2 + 153*n - 2344. Determine c(18).
86
Let p(b) = b**3 - 30*b**2 + 81*b - 422. What is p(27)?
-422
Let a(d) = d**3 - 635*d + 5210. Calculate a(9).
224
Let c(b) = 100*b**2 + 912*b - 873. Calculate c(-10).
7
Let k(w) = -296*w**2 - 118405*w - 1963. Determine k(-400).
37
Let d(y) = -y**3 + 217*y**2 - 423*y + 1097. Calculate d(215).
2602
Let t(u) = 499*u - 2334. What is t(8)?
1658
Let c(u) = 4*u**3 - 513*u**2 - 1475*u + 4462. What is c(131)?
8
Let i(a) = -107659*a - 13672675. What is i(-127)?
18
Let v(p) = -3*p**2 + 2010*p + 289871. Give v(-122).
-1
Let m(b) = -234*b + 33716. Determine m(144).
20
Let h(w) = 2*w**3 + 387*w**2 + 954*w - 155. Determine h(-191).
36
Let a(w) = 33*w**3 - 1076*w**2 - 432*w + 114. Determine a(33).
15
Let v(x) = 1373*x**2 + 13638*x - 918. What is v(-10)?
2
Let a(d) = 668*d - 34686. What is a(55)?
2054
Let o(p) = -5693*p**2 - 547*p - 7. Give o(1).
-6247
Let j(o) = o**3 - 86*o**2 - 166*o + 21762. Calculate j(85).
427
Let w(q) = -20*q**2 - 12*q + 1492. Calculate w(-9).
-20
Let a(w) = -w**3 - 150*w**2 - 300*w - 193. Calculate a(-148).
399
Let i(d) = 36*d - 6550. What is i(200)?
650
Let b(d) = -3*d**3 - 56*d**2 + 289*d - 95. Determine b(-23).
135
Let a(u) = 3*u**3 + 14*u**2 + 22*u + 172. Calculate a(-5).
37
Let j(q) = -6932*q - 374403. Determine j(-54).
-75
Let z(g) = g**2 + 17788*g - 1537142. Calculate z(86).
22
Let q(f) = 17*f**2 + 6143*f - 50165. Calculate q(8).
67
Let o(q) = 31192*q - 623839. Calculate o(20).
1
Let f(u) = 130*u**3 - 1166*u**2 - 15*u - 3. Give f(9).
186
Let m(c) = 2*c**3 + 56*c**2 + 66*c - 136. Calculate m(-27).
-460
Let h(b) = -53*b**3 + 10020*b**2 - 571*b + 603. Give h(189).
-153
Let p(d) = 12942*d + 12947. What is p(-1)?
5
Let l(j) = j**3 + 204*j**2 - 618*j + 632. Determine l(-207).
11
Let a(t) = 12*t**2 + 140*t + 629. Determine a(-6).
221
Let j(k) = -k**3 + 34*k**2 - 51*k - 161. Determine j(33).
-755
Let v(t) = -471*t - 4899. Calculate v(-7).
-1602
Let j(b) = -b**3 + 80*b**2 + 1312*b - 691. What is j(94)?
-1067
Let b(x) = -38*x**2 + 1325*x + 249. What is b(35)?
74
Let w(d) = 200*d**2 - 782*d +